{"id":271,"date":"2021-04-21T12:24:43","date_gmt":"2021-04-21T10:24:43","guid":{"rendered":"https:\/\/www.stangl-schilder.at\/shop\/?post_type=product&#038;p=271"},"modified":"2026-01-01T17:20:54","modified_gmt":"2026-01-01T16:20:54","slug":"verkehrsspiegel-basic-rund-standard","status":"publish","type":"product","link":"https:\/\/www.stangl-schilder.at\/shop\/produkt\/verkehrsspiegel-basic-rund-standard\/","title":{"rendered":"Verkehrsspiegel Basic rund Standard"},"content":{"rendered":"<p>[et_pb_section fb_built=&#8220;1&#8243; _builder_version=&#8220;4.16&#8243; custom_padding=&#8220;0px||||false|false&#8220; global_colors_info=&#8220;{}&#8220;][et_pb_row _builder_version=&#8220;4.16&#8243; background_size=&#8220;initial&#8220; background_position=&#8220;top_left&#8220; background_repeat=&#8220;repeat&#8220; width=&#8220;100%&#8220; custom_padding=&#8220;0px||0px||false|false&#8220; global_colors_info=&#8220;{}&#8220;][et_pb_column type=&#8220;4_4&#8243; _builder_version=&#8220;4.16&#8243; custom_padding=&#8220;|||&#8220; global_colors_info=&#8220;{}&#8220; custom_padding__hover=&#8220;|||&#8220;][et_pb_wc_breadcrumb _builder_version=&#8220;4.16&#8243; global_colors_info=&#8220;{}&#8220;][\/et_pb_wc_breadcrumb][et_pb_wc_cart_notice _builder_version=&#8220;4.16&#8243; global_colors_info=&#8220;{}&#8220;][\/et_pb_wc_cart_notice][\/et_pb_column][\/et_pb_row][et_pb_row column_structure=&#8220;1_2,1_2&#8243; _builder_version=&#8220;4.16&#8243; background_size=&#8220;initial&#8220; background_position=&#8220;top_left&#8220; background_repeat=&#8220;repeat&#8220; width=&#8220;100%&#8220; custom_padding=&#8220;0px||||false|false&#8220; global_colors_info=&#8220;{}&#8220;][et_pb_column type=&#8220;1_2&#8243; _builder_version=&#8220;4.16&#8243; custom_padding=&#8220;|||&#8220; global_colors_info=&#8220;{}&#8220; custom_padding__hover=&#8220;|||&#8220;][et_pb_wc_images _builder_version=&#8220;4.16&#8243; global_colors_info=&#8220;{}&#8220;][\/et_pb_wc_images][\/et_pb_column][et_pb_column type=&#8220;1_2&#8243; _builder_version=&#8220;4.16&#8243; custom_padding=&#8220;|||&#8220; global_colors_info=&#8220;{}&#8220; custom_padding__hover=&#8220;|||&#8220;][et_pb_wc_title _builder_version=&#8220;4.16&#8243; global_colors_info=&#8220;{}&#8220;][\/et_pb_wc_title][et_pb_wc_rating _builder_version=&#8220;4.16&#8243; global_colors_info=&#8220;{}&#8220;][\/et_pb_wc_rating][et_pb_wc_price _builder_version=&#8220;4.16&#8243; global_colors_info=&#8220;{}&#8220;][\/et_pb_wc_price][et_pb_wc_description _builder_version=&#8220;4.16&#8243; global_colors_info=&#8220;{}&#8220;][\/et_pb_wc_description][et_pb_wc_add_to_cart _builder_version=&#8220;4.16&#8243; global_colors_info=&#8220;{}&#8220;][\/et_pb_wc_add_to_cart][et_pb_wc_meta _builder_version=&#8220;4.16&#8243; global_colors_info=&#8220;{}&#8220;][\/et_pb_wc_meta][\/et_pb_column][\/et_pb_row][et_pb_row _builder_version=&#8220;4.16&#8243; _module_preset=&#8220;default&#8220; width=&#8220;100%&#8220; global_colors_info=&#8220;{}&#8220;][et_pb_column type=&#8220;4_4&#8243; _builder_version=&#8220;4.16&#8243; _module_preset=&#8220;default&#8220; global_colors_info=&#8220;{}&#8220;][et_pb_text _builder_version=&#8220;4.16&#8243; _module_preset=&#8220;default&#8220; global_colors_info=&#8220;{}&#8220;]<\/p>\n<h2>Produkt in 3D \/ AR ansehen:<\/h2>\n<p>[\/et_pb_text][et_pb_tabs _builder_version=&#8220;4.18.0&#8243; _module_preset=&#8220;default&#8220; body_text_align=&#8220;center&#8220; width=&#8220;100%&#8220; global_colors_info=&#8220;{}&#8220;][et_pb_tab title=&#8220;Durchmesser 600 mm&#8220; _builder_version=&#8220;4.18.0&#8243; _module_preset=&#8220;default&#8220; custom_padding_tablet=&#8220;&#8220; custom_padding_phone=&#8220;0px|0px|0px|0px|false|false&#8220; custom_padding_last_edited=&#8220;on|phone&#8220; custom_css_main_element=&#8220;height:100%;&#8220; global_colors_info=&#8220;{}&#8220;]<\/p>\n <div class=\"brlbs-cmpnt-container brlbs-cmpnt-content-blocker brlbs-cmpnt-with-individual-styles\" data-borlabs-cookie-content-blocker-id=\"sketchfab\" data-borlabs-cookie-content=\"IDwvcD4KPGRpdiBjbGFzcz0iYnJsYnMtY21wbnQtY29udGFpbmVyIGJybGJzLWNtcG50LWNvbnRlbnQtYmxvY2tlciBicmxicy1jbXBudC13aXRoLWluZGl2aWR1YWwtc3R5bGVzIiBkYXRhLWJvcmxhYnMtY29va2llLWNvbnRlbnQtYmxvY2tlci1pZD0ic2tldGNoZmFiIiBkYXRhLWJvcmxhYnMtY29va2llLWNvbnRlbnQ9IlBHbG1jbUZ0WlNCMGFYUnNaVDBpVTNCcFpXZGxiQ0JDWVhOcFl5QkVOakF3TFVGeWRHNXlPakV4TFZaRlFsSTJNQ0lnYzNKalBTSm9kSFJ3Y3pvdkwzTnJaWFJqYUdaaFlpNWpiMjB2Ylc5a1pXeHpMMkUyTmpFeVpXSXlNVE0wT1RRMU16UTVObVl3TlRKaE9XRmxaVE01TWpnM0wyVnRZbVZrUDJGMWRHOXpjR2x1UFRFbVlXMXdPMkYxZEc5emRHRnlkRDB4Sm1GdGNEdDFhVjlwYm1admN6MHdKbUZ0Y0R0MWFWOXBibk53WldOMGIzSTlNQ1poYlhBN2RXbGZkMkYwWlhKdFlYSnJYMnhwYm1zOU1DWmhiWEE3ZFdsZmQyRjBaWEp0WVhKclBUQW1ZVzF3TzNWcFgzWnlQVEFtWVcxd08yUnVkRDB4SWlCM2FXUjBhRDBpT1RVd0lpQm9aV2xuYUhROUlqVXpNQ0lnWm5KaGJXVmliM0prWlhJOUlqQWlJR0ZzYkc5M1puVnNiSE5qY21WbGJqMGlZV3hzYjNkbWRXeHNjMk55WldWdUlqNDhMMmxtY21GdFpUND0iPgo8ZGl2IGNsYXNzPSJicmxicy1jbXBudC1jYi1wcmVzZXQtYiBicmxicy1jbXBudC1jYi1za2V0Y2hmYWIiPgo8ZGl2IGNsYXNzPSJicmxicy1jbXBudC1jYi10aHVtYm5haWwiIHN0eWxlPSJiYWNrZ3JvdW5kLWltYWdlOiB1cmwoJ2h0dHBzOi8vd3d3LnN0YW5nbC1zY2hpbGRlci5hdC9zaG9wL3dwLWNvbnRlbnQvdXBsb2Fkcy9ib3JsYWJzLWNvb2tpZS8xL2JjdC1tYXR0ZXJwb3J0LW1haW4ucG5nJykiPjwvZGl2Pgo8ZGl2IGNsYXNzPSJicmxicy1jbXBudC1jYi1tYWluIj4KPGRpdiBjbGFzcz0iYnJsYnMtY21wbnQtY2ItY29udGVudCI+CjxwIGNsYXNzPSJicmxicy1jbXBudC1jYi1kZXNjcmlwdGlvbiI+U2llIHNlaGVuIGdlcmFkZSBlaW5lbiBQbGF0emhhbHRlcmluaGFsdCB2b24gPHN0cm9uZz5Ta2V0Y2hmYWI8L3N0cm9uZz4uIFVtIGF1ZiBkZW4gZWlnZW50bGljaGVuIEluaGFsdCB6dXp1Z3JlaWZlbiwga2xpY2tlbiBTaWUgYXVmIGRpZSBTY2hhbHRmbMOkY2hlIHVudGVuLiBCaXR0ZSBiZWFjaHRlbiBTaWUsIGRhc3MgZGFiZWkgRGF0ZW4gYW4gRHJpdHRhbmJpZXRlciB3ZWl0ZXJnZWdlYmVuIHdlcmRlbi48L3A+CjxwPiA8YSBjbGFzcz0iYnJsYnMtY21wbnQtY2ItcHJvdmlkZXItdG9nZ2xlIiBocmVmPSIjIiBkYXRhLWJvcmxhYnMtY29va2llLXNob3ctcHJvdmlkZXItaW5mb3JtYXRpb24gcm9sZT0iYnV0dG9uIj5NZWhyIEluZm9ybWF0aW9uZW48L2E+IDwvZGl2Pgo8ZGl2IGNsYXNzPSJicmxicy1jbXBudC1jYi1idXR0b25zIj4gPGEgY2xhc3M9ImJybGJzLWNtcG50LWNiLWJ0biIgaHJlZj0iIyIgZGF0YS1ib3JsYWJzLWNvb2tpZS11bmJsb2NrIHJvbGU9ImJ1dHRvbiI+SW5oYWx0IGVudHNwZXJyZW48L2E+IDxhIGNsYXNzPSJicmxicy1jbXBudC1jYi1idG4iIGhyZWY9IiMiIGRhdGEtYm9ybGFicy1jb29raWUtYWNjZXB0LXNlcnZpY2Ugcm9sZT0iYnV0dG9uIiBzdHlsZT0iZGlzcGxheTogaW5oZXJpdCI+RXJmb3JkZXJsaWNoZW4gU2VydmljZSBha3plcHRpZXJlbiB1bmQgSW5oYWx0ZSBlbnRzcGVycmVuPC9hPiA8L2Rpdj4KPC9wPjwvZGl2Pgo8L3A+PC9kaXY+CjwvZGl2Pgo8cD4=\"><div class=\"brlbs-cmpnt-cb-preset-b brlbs-cmpnt-cb-sketchfab\"> <div class=\"brlbs-cmpnt-cb-thumbnail\" style=\"background-image: url('https:\/\/www.stangl-schilder.at\/shop\/wp-content\/uploads\/borlabs-cookie\/1\/bct-matterport-main.png')\"><\/div> <div class=\"brlbs-cmpnt-cb-main\"> <div class=\"brlbs-cmpnt-cb-content\"> <p class=\"brlbs-cmpnt-cb-description\">Sie sehen gerade einen Platzhalterinhalt von <strong>Sketchfab<\/strong>. Um auf den eigentlichen Inhalt zuzugreifen, klicken Sie auf die Schaltfl\u00e4che unten. Bitte beachten Sie, dass dabei Daten an Drittanbieter weitergegeben werden.<\/p> <a class=\"brlbs-cmpnt-cb-provider-toggle\" href=\"#\" data-borlabs-cookie-show-provider-information role=\"button\">Mehr Informationen<\/a> <\/div> <div class=\"brlbs-cmpnt-cb-buttons\"> <a class=\"brlbs-cmpnt-cb-btn\" href=\"#\" data-borlabs-cookie-unblock role=\"button\">Inhalt entsperren<\/a> <a class=\"brlbs-cmpnt-cb-btn\" href=\"#\" data-borlabs-cookie-accept-service role=\"button\" style=\"display: inherit\">Erforderlichen Service akzeptieren und Inhalte entsperren<\/a> <\/div> <\/div> <\/div><\/div>\n<p>[\/et_pb_tab][et_pb_tab title=&#8220;Durchmesser 800 mm&#8220; _builder_version=&#8220;4.16&#8243; _module_preset=&#8220;default&#8220; custom_padding_tablet=&#8220;&#8220; custom_padding_phone=&#8220;0px|0px|0px|0px|false|false&#8220; custom_padding_last_edited=&#8220;on|phone&#8220; custom_css_main_element=&#8220;height:100%;&#8220; global_colors_info=&#8220;{}&#8220;] <div class=\"brlbs-cmpnt-container brlbs-cmpnt-content-blocker brlbs-cmpnt-with-individual-styles\" data-borlabs-cookie-content-blocker-id=\"sketchfab\" data-borlabs-cookie-content=\"IDwvcD4KPGRpdiBjbGFzcz0iYnJsYnMtY21wbnQtY29udGFpbmVyIGJybGJzLWNtcG50LWNvbnRlbnQtYmxvY2tlciBicmxicy1jbXBudC13aXRoLWluZGl2aWR1YWwtc3R5bGVzIiBkYXRhLWJvcmxhYnMtY29va2llLWNvbnRlbnQtYmxvY2tlci1pZD0ic2tldGNoZmFiIiBkYXRhLWJvcmxhYnMtY29va2llLWNvbnRlbnQ9IlBHbG1jbUZ0WlNCMGFYUnNaVDBpVTNCcFpXZGxiQ0JDWVhOcFl5QkVPREF3TFVGeWRHNXlPakV4TFZaRlFsSTRNQ0lnYzNKalBTSm9kSFJ3Y3pvdkwzTnJaWFJqYUdaaFlpNWpiMjB2Ylc5a1pXeHpMMlEyWVdRMk9XWmxPVE5rWVRReVlqZzRZMlk1T0dVMU9XUm1abUprTWpWaEwyVnRZbVZrUDJGMWRHOXpjR2x1UFRFbVlYVjBiM04wWVhKMFBURW1kV2xmYVc1bWIzTTlNQ1oxYVY5cGJuTndaV04wYjNJOU1DWjFhVjkzWVhSbGNtMWhjbXRmYkdsdWF6MHdKblZwWDNkaGRHVnliV0Z5YXowd0puVnBYM1p5UFRBbVpHNTBQVEVpSUhkcFpIUm9QU0k1TlRBaUlHaGxhV2RvZEQwaU5UTXdJaUJtY21GdFpXSnZjbVJsY2owaU1DSWdZV3hzYjNkbWRXeHNjMk55WldWdUlHMXZlbUZzYkc5M1puVnNiSE5qY21WbGJqMGlkSEoxWlNJZ2QyVmlhMmwwWVd4c2IzZG1kV3hzYzJOeVpXVnVQU0owY25WbElpQmhiR3h2ZHowaVlYVjBiM0JzWVhrN0lHWjFiR3h6WTNKbFpXNDdJSGh5TFhOd1lYUnBZV3d0ZEhKaFkydHBibWNpSUhoeUxYTndZWFJwWVd3dGRISmhZMnRwYm1jZ1pYaGxZM1YwYVc5dUxYZG9hV3hsTFc5MWRDMXZaaTEyYVdWM2NHOXlkQ0JsZUdWamRYUnBiMjR0ZDJocGJHVXRibTkwTFhKbGJtUmxjbVZrSUhkbFlpMXphR0Z5WlQ0OEwybG1jbUZ0WlQ0PSI+CjxkaXYgY2xhc3M9ImJybGJzLWNtcG50LWNiLXByZXNldC1iIGJybGJzLWNtcG50LWNiLXNrZXRjaGZhYiI+CjxkaXYgY2xhc3M9ImJybGJzLWNtcG50LWNiLXRodW1ibmFpbCIgc3R5bGU9ImJhY2tncm91bmQtaW1hZ2U6IHVybCgnaHR0cHM6Ly93d3cuc3RhbmdsLXNjaGlsZGVyLmF0L3Nob3Avd3AtY29udGVudC91cGxvYWRzL2JvcmxhYnMtY29va2llLzEvYmN0LW1hdHRlcnBvcnQtbWFpbi5wbmcnKSI+PC9kaXY+CjxkaXYgY2xhc3M9ImJybGJzLWNtcG50LWNiLW1haW4iPgo8ZGl2IGNsYXNzPSJicmxicy1jbXBudC1jYi1jb250ZW50Ij4KPHAgY2xhc3M9ImJybGJzLWNtcG50LWNiLWRlc2NyaXB0aW9uIj5TaWUgc2VoZW4gZ2VyYWRlIGVpbmVuIFBsYXR6aGFsdGVyaW5oYWx0IHZvbiA8c3Ryb25nPlNrZXRjaGZhYjwvc3Ryb25nPi4gVW0gYXVmIGRlbiBlaWdlbnRsaWNoZW4gSW5oYWx0IHp1enVncmVpZmVuLCBrbGlja2VuIFNpZSBhdWYgZGllIFNjaGFsdGZsw6RjaGUgdW50ZW4uIEJpdHRlIGJlYWNodGVuIFNpZSwgZGFzcyBkYWJlaSBEYXRlbiBhbiBEcml0dGFuYmlldGVyIHdlaXRlcmdlZ2ViZW4gd2VyZGVuLjwvcD4KPHA+IDxhIGNsYXNzPSJicmxicy1jbXBudC1jYi1wcm92aWRlci10b2dnbGUiIGhyZWY9IiMiIGRhdGEtYm9ybGFicy1jb29raWUtc2hvdy1wcm92aWRlci1pbmZvcm1hdGlvbiByb2xlPSJidXR0b24iPk1laHIgSW5mb3JtYXRpb25lbjwvYT4gPC9kaXY+CjxkaXYgY2xhc3M9ImJybGJzLWNtcG50LWNiLWJ1dHRvbnMiPiA8YSBjbGFzcz0iYnJsYnMtY21wbnQtY2ItYnRuIiBocmVmPSIjIiBkYXRhLWJvcmxhYnMtY29va2llLXVuYmxvY2sgcm9sZT0iYnV0dG9uIj5JbmhhbHQgZW50c3BlcnJlbjwvYT4gPGEgY2xhc3M9ImJybGJzLWNtcG50LWNiLWJ0biIgaHJlZj0iIyIgZGF0YS1ib3JsYWJzLWNvb2tpZS1hY2NlcHQtc2VydmljZSByb2xlPSJidXR0b24iIHN0eWxlPSJkaXNwbGF5OiBpbmhlcml0Ij5FcmZvcmRlcmxpY2hlbiBTZXJ2aWNlIGFremVwdGllcmVuIHVuZCBJbmhhbHRlIGVudHNwZXJyZW48L2E+IDwvZGl2Pgo8L3A+PC9kaXY+CjwvcD48L2Rpdj4KPC9kaXY+CjxwPg==\"><div class=\"brlbs-cmpnt-cb-preset-b brlbs-cmpnt-cb-sketchfab\"> <div class=\"brlbs-cmpnt-cb-thumbnail\" style=\"background-image: url('https:\/\/www.stangl-schilder.at\/shop\/wp-content\/uploads\/borlabs-cookie\/1\/bct-matterport-main.png')\"><\/div> <div class=\"brlbs-cmpnt-cb-main\"> <div class=\"brlbs-cmpnt-cb-content\"> <p class=\"brlbs-cmpnt-cb-description\">Sie sehen gerade einen Platzhalterinhalt von <strong>Sketchfab<\/strong>. Um auf den eigentlichen Inhalt zuzugreifen, klicken Sie auf die Schaltfl\u00e4che unten. Bitte beachten Sie, dass dabei Daten an Drittanbieter weitergegeben werden.<\/p> <a class=\"brlbs-cmpnt-cb-provider-toggle\" href=\"#\" data-borlabs-cookie-show-provider-information role=\"button\">Mehr Informationen<\/a> <\/div> <div class=\"brlbs-cmpnt-cb-buttons\"> <a class=\"brlbs-cmpnt-cb-btn\" href=\"#\" data-borlabs-cookie-unblock role=\"button\">Inhalt entsperren<\/a> <a class=\"brlbs-cmpnt-cb-btn\" href=\"#\" data-borlabs-cookie-accept-service role=\"button\" style=\"display: inherit\">Erforderlichen Service akzeptieren und Inhalte entsperren<\/a> <\/div> <\/div> <\/div><\/div>[\/et_pb_tab][\/et_pb_tabs][\/et_pb_column][\/et_pb_row][et_pb_row _builder_version=&#8220;4.16&#8243; background_size=&#8220;initial&#8220; background_position=&#8220;top_left&#8220; background_repeat=&#8220;repeat&#8220; width=&#8220;100%&#8220; global_colors_info=&#8220;{}&#8220;][et_pb_column type=&#8220;4_4&#8243; _builder_version=&#8220;4.16&#8243; custom_padding=&#8220;|||&#8220; global_colors_info=&#8220;{}&#8220; custom_padding__hover=&#8220;|||&#8220;][et_pb_wc_tabs _builder_version=&#8220;4.16&#8243; global_colors_info=&#8220;{}&#8220;]\t\t\t\t\t[\/et_pb_wc_tabs][\/et_pb_column][\/et_pb_row][et_pb_row _builder_version=&#8220;4.16&#8243; background_size=&#8220;initial&#8220; background_position=&#8220;top_left&#8220; background_repeat=&#8220;repeat&#8220; width=&#8220;100%&#8220; global_colors_info=&#8220;{}&#8220;][et_pb_column type=&#8220;4_4&#8243; _builder_version=&#8220;4.16&#8243; custom_padding=&#8220;|||&#8220; global_colors_info=&#8220;{}&#8220; custom_padding__hover=&#8220;|||&#8220;][et_pb_wc_upsells posts_number=&#8220;4&#8243; columns_number=&#8220;4&#8243; _builder_version=&#8220;4.16&#8243; global_colors_info=&#8220;{}&#8220;][\/et_pb_wc_upsells][\/et_pb_column][\/et_pb_row][\/et_pb_section]<\/p>\n","protected":false},"excerpt":{"rendered":"<p>Verkehrsspiegel Basic &#8211; in Hi-ABS-Kunststoff &#8211; Spiegelfl\u00e4che Edelstahl &#8211; rund.<\/p>\n","protected":false},"featured_media":236419,"comment_status":"closed","ping_status":"closed","template":"","meta":{"_et_pb_use_builder":"on","_et_pb_old_content":"<strong>Edelstahl-Verkehrsspiegel Basic<\/strong>, in Hi-ABS Kunststoff Tasse mit rot-wei\u00df reflektierenden Streifen, inklusive Halterung.\r\nHalterung aus Alu und Stahl, geeignet f\u00fcr Rohre mit Durchmesser 60-90 mm sowie f\u00fcr Stahlb\u00e4nder, Garantie: 6 Jahre, Spiegelfl\u00e4che aus hochpoliertem Edelstahl, Problemlose Reinigung. Spiegelfront austauschbar.\r\nSehr lange Lebensdauer durch Edelstahl-Linse, einfache Montage.\r\nMaterial: Edelstahl und Hi-ABS-Kunststoff.\r\nFunktionsgarantie: 6 Jahre.\r\n\r\n<img class=\"alignnone size-full wp-image-237344\" src=\"https:\/\/www.stangl-schilder.at\/shop\/wp-content\/uploads\/TUV-Logo-gebrauchswert-geprueft_klein.jpg\" alt=\"TUV-Logo-gebrauchswert-gepr\u00fcft_klein\" width=\"110\" height=\"110\" \/>","_et_gb_content_width":""},"product_brand":[],"product_cat":[17,25,52],"product_tag":[],"class_list":{"0":"post-271","1":"product","2":"type-product","3":"status-publish","4":"has-post-thumbnail","6":"product_cat-verkehrsspiegel","7":"product_cat-aktionen-aktuelles","8":"product_cat-basic","9":"product_shipping_class-verkehrsspiegel","11":"first","12":"instock","13":"taxable","14":"shipping-taxable","15":"purchasable","16":"product-type-variable"},"_links":{"self":[{"href":"https:\/\/www.stangl-schilder.at\/shop\/wp-json\/wp\/v2\/product\/271","targetHints":{"allow":["GET"]}}],"collection":[{"href":"https:\/\/www.stangl-schilder.at\/shop\/wp-json\/wp\/v2\/product"}],"about":[{"href":"https:\/\/www.stangl-schilder.at\/shop\/wp-json\/wp\/v2\/types\/product"}],"replies":[{"embeddable":true,"href":"https:\/\/www.stangl-schilder.at\/shop\/wp-json\/wp\/v2\/comments?post=271"}],"wp:featuredmedia":[{"embeddable":true,"href":"https:\/\/www.stangl-schilder.at\/shop\/wp-json\/wp\/v2\/media\/236419"}],"wp:attachment":[{"href":"https:\/\/www.stangl-schilder.at\/shop\/wp-json\/wp\/v2\/media?parent=271"}],"wp:term":[{"taxonomy":"product_brand","embeddable":true,"href":"https:\/\/www.stangl-schilder.at\/shop\/wp-json\/wp\/v2\/product_brand?post=271"},{"taxonomy":"product_cat","embeddable":true,"href":"https:\/\/www.stangl-schilder.at\/shop\/wp-json\/wp\/v2\/product_cat?post=271"},{"taxonomy":"product_tag","embeddable":true,"href":"https:\/\/www.stangl-schilder.at\/shop\/wp-json\/wp\/v2\/product_tag?post=271"}],"curies":[{"name":"wp","href":"https:\/\/api.w.org\/{rel}","templated":true}]}}